{"id":3186,"date":"2023-02-18T15:33:14","date_gmt":"2023-02-18T15:33:14","guid":{"rendered":"https:\/\/sfkbt.se\/sfkbt\/?page_id=3186"},"modified":"2026-04-23T09:02:31","modified_gmt":"2026-04-23T09:02:31","slug":"medlemsinformation","status":"publish","type":"page","link":"https:\/\/sfkbt.se\/sfkbt\/medlemsinformation\/","title":{"rendered":"Bli medlem"},"content":{"rendered":"<div class=\"gb-container gb-container-19a4201d\"><div class=\"gb-inside-container\">\n<div class=\"gb-container gb-container-7286e5a2\"><div class=\"gb-inside-container\">\n\n<h2 class=\"wp-block-heading has-text-align-center has-vittext-color has-text-color\">bli medlem<\/h2>\n\n<\/div><\/div>\n<\/div><\/div>\n\n<div class=\"gb-grid-wrapper gb-grid-wrapper-00e228ff\">\n<div class=\"gb-grid-column gb-grid-column-ca724938\"><div class=\"gb-container gb-container-ca724938\"><div class=\"gb-inside-container\">\n\n<p class=\"has-ny-bla-variant-sfkbt-color has-text-color has-medium-font-size\"><strong>Svenska f\u00f6reningen f\u00f6r kognitiv beteendeterapi (SfKBT)<\/strong> \u00e4r en intressef\u00f6rening f\u00f6r alla med intresse f\u00f6r KBT. Genom ditt medlemskap st\u00f6djer du f\u00f6reningens arbete med att sprida kunskap och fr\u00e4mja forskning inom omr\u00e5det.<br><\/p>\n\n\n\n<p><strong>Som medlem f\u00e5r du:<\/strong><\/p>\n\n\n\n<p><strong>Kunskap och uppdatering<\/strong><br>\u2013 Tidskriften <em>Sokraten<\/em> (4 nummer\/\u00e5r)<br>\u2013 Tillg\u00e5ng till medlemsdel p\u00e5 hemsidan med f\u00f6rel\u00e4sningsmaterial.<br>\u2013 Mejllista f\u00f6r diskussion och kunskapsutbyte.<\/p>\n\n\n\n<p><strong>N\u00e4tverk och aktiviteter<\/strong><br>\u2013 Kostnadsfritt eller rabatterat deltagande i f\u00f6reningens aktiviteter, inklusive sokratiska caf\u00e9er<br>\u2013 Rabatterat deltagande p\u00e5 \u00e5rskonferensen (vecka 42)<br>\u2013 Medlemspris p\u00e5 arrangemang med beteendeterapeutiska f\u00f6reningen samt internationella kongresser (EABCT, ICCP, WCCBT)<\/p>\n\n\n\n<p><strong>St\u00f6d och m\u00f6jligheter<\/strong><br>\u2013 M\u00f6jlighet att s\u00f6ka stipendium till Carlo Perris minne<br>\u2013 Intyg f\u00f6r grundl\u00e4ggande KBT-utbildningar auktoriserade av oss<br>\u2013 Synlighet p\u00e5 hemsidan f\u00f6r legitimerade psykoterapeuter och handledare<\/p>\n\n\n\n<p>Medlemsavgiften \u00e4r 400 kr\/\u00e5r (200 kr\/\u00e5r f\u00f6r heltidsstuderande).<\/p>\n\n\n\n<p>V\u00e4lkommen som medlem.<\/p>\n\n\n<div class=\"gb-grid-wrapper gb-grid-wrapper-5ffc490e\">\n<div class=\"gb-grid-column gb-grid-column-eccbf224\"><div class=\"gb-container gb-container-eccbf224\"><div class=\"gb-inside-container\">\n\n<div class=\"wp-block-buttons is-layout-flex wp-block-buttons-is-layout-flex\">\n<div class=\"wp-block-button has-custom-width wp-block-button__width-100\"><a class=\"wp-block-button__link wp-element-button\" href=\"https:\/\/sfkbt-medlem.se\/medlemsansokan.aspx\">ANS\u00d6K<\/a><\/div>\n<\/div>\n\n<\/div><\/div><\/div>\n<\/div>\n<\/div><\/div><\/div>\n<\/div>","protected":false},"excerpt":{"rendered":"<p>bli medlem<\/p>\n","protected":false},"author":1,"featured_media":0,"parent":0,"menu_order":0,"comment_status":"closed","ping_status":"closed","template":"","meta":{"footnotes":""},"class_list":["post-3186","page","type-page","status-publish"],"_links":{"self":[{"href":"https:\/\/sfkbt.se\/sfkbt\/wp-json\/wp\/v2\/pages\/3186","targetHints":{"allow":["GET"]}}],"collection":[{"href":"https:\/\/sfkbt.se\/sfkbt\/wp-json\/wp\/v2\/pages"}],"about":[{"href":"https:\/\/sfkbt.se\/sfkbt\/wp-json\/wp\/v2\/types\/page"}],"author":[{"embeddable":true,"href":"https:\/\/sfkbt.se\/sfkbt\/wp-json\/wp\/v2\/users\/1"}],"replies":[{"embeddable":true,"href":"https:\/\/sfkbt.se\/sfkbt\/wp-json\/wp\/v2\/comments?post=3186"}],"version-history":[{"count":8,"href":"https:\/\/sfkbt.se\/sfkbt\/wp-json\/wp\/v2\/pages\/3186\/revisions"}],"predecessor-version":[{"id":5835,"href":"https:\/\/sfkbt.se\/sfkbt\/wp-json\/wp\/v2\/pages\/3186\/revisions\/5835"}],"wp:attachment":[{"href":"https:\/\/sfkbt.se\/sfkbt\/wp-json\/wp\/v2\/media?parent=3186"}],"curies":[{"name":"wp","href":"https:\/\/api.w.org\/{rel}","templated":true}]}}